198 - -200. Suppose 2*a = -i*q + 39 - 13, 0 = -5*q + 5*a + 65. Calculate the remainder when g is divided by q.
12
Let m = -5 - -40. Suppose 4*i - 5*y = -1701, 3*i = -2*i - 4*y - 2116. Calculate the remainder when m is divided by 8/36 + i/(-36).
11
Let z(i) be the third derivative of i**5/20 + 5*i**4/24 - i**3/6 - 10*i**2. Let n = -7 - -3. Calculate the remainder when 53 is divided by z(n).
26
Suppose -57*q = -61*q + 496. Calculate the remainder when q is divided by 14.
12
Suppose -328 = -37*q + 2225. What is the remainder when 274 is divided by q?
67
Suppose -14 = -2*u + 3*z, 3*u + u + 4*z - 48 = 0. Suppose 0 = -4*v - 8, 0 = 4*r - 5*v - 148 - 14. What is the remainder when r is divided by u?
8
Let l = 18 - 5. Suppose 5*x + l = 143. Let d = 32 - 18. What is the remainder when x is divided by d?
12
Let j(i) = 35*i - 321. What is the remainder when 143 is divided by j(10)?
27
Suppose w + 0 + 1 = -c, 5*c + 5 = -4*w. Suppose -u + z = -w*u + 14, 0 = u + 3*z + 10. Let l = u - -47. Calculate the remainder when l is divided by 12.
10
Let y be 6/(-6) + (181 - 2/(-1)). Let o = y - 100. Calculate the remainder when o is divided by 28.
26
Suppose 322 = -2*m + 9*m. Let q(p) = -6*p - 2. What is the remainder when m is divided by q(-2)?
6
Suppose -v - 223 = -3*u - 79, 2*u + 2*v - 96 = 0. Let q = -87 + 178. What is the remainder when q is divided by u?
43
Let c be (-14)/4 - 2/(-4). Let r(h) = 3*h**2 + 5*h + 4. Calculate the remainder when ((-164)/16 + -1)/(5/(-20)) is divided by r(c).
13
Let v(i) = -i + 1. Let c be v(2). Let g = 24 - c. Suppose -39409*p - 686 = -39416*p. What is the remainder when p is divided by g?
23
Suppose -j = -3*j + 6. Suppose -j*g = -2*f - 11, g + 0*f = -4*f + 13. What is the remainder when 14 is divided by g?
4
Let i be ((-735)/(-9) + 3)*(-3)/(-2). What is the remainder when 1*i + 2 + -4 + 5 is divided by 33?
31
Suppose l + 0*l = -1. Let c(m) = -7*m + 3. Let o = -15 + 34. Calculate the remainder when o is divided by c(l).
9
Suppose -18 - 12 = -6*q. Let u(y) = 11*y + 17. What is the remainder when u(q) is divided by 25?
22
Let v = -15 - -50. Let h = 28 + -26. Let d(x) = x**3 + 4*x**2 - 6. What is the remainder when v is divided by d(h)?
17
Let c = 4 - 2. Let d be c + -2 + -3 - -41. Let x = d + -8. What is the remainder when x is divided by 8?
6
Let x = -22 + 27. Suppose 4*b = 4*v + 36, b - x*b + 6 = 2*v. Calculate the remainder when (1 - 2)/(b/(-48)) is divided by 7.
5
Let z(t) = -5*t + 17. What is the remainder when z(-8) is divided by 10?
7
Suppose 0 = 92*j - 49*j - 7396. What is the remainder when j is divided by 50?
22
Suppose -2*c + 413 = 53. Suppose 5*x = -x + c. Calculate the remainder when 57 is divided by x.
27
Let z(r) = -12*r**2 - r + 3. Let q(n) = -24*n**2 - 2*n + 7. Let j(w) = 2*q(w) - 5*z(w). Let b = -4 - -5. What is the remainder when 35 is divided by j(b)?
11
Let y(v) = 12*v**2 - v**3 + 15*v + 0*v - 35*v + 15. Let i(c) = c**3 - 4*c**2 + 2*c + 2. Let x be i(4). Calculate the remainder when y(x) is divided by 6.
3
Let s = 169 + -153. Let w = -31 + 59. Calculate the remainder when w is divided by s.
12
Let p be (-3)/9*(-45)/3. Suppose -294 = -3*k - p*g, -3*k + 4*g + 360 = k. What is the remainder when k is divided by 8?
5
Suppose 2 = -2*g + 3*g + d, -4*d = 5*g - 9. Let k = 20 + g. What is the remainder when k is divided by (-174)/(-15) - 2/(-5)?
9
Suppose i - 3046 = -5*s, 5*i = 63*s - 67*s + 2420. Calculate the remainder when s is divided by 18.
16
Suppose -3*z - 135 = -3*g, -z = -2*g + 4*z + 90. Suppose -2*j = -4*h + 66, -6*h + 11*h - 81 = j. Calculate the remainder when g is divided by h.
13
Let a = 1259 - 1213. Calculate the remainder when 270 is divided by a.
40
Let s = 77 - 44. Let k be (8 - 3)*(-3 - (-21)/5). Suppose w = 5*t - 94, 4*t - w = -k*w + 52. What is the remainder when s is divided by t?
15
Let j = 88 - 40. Let g = 77 - j. What is the remainder when 83 is divided by g?
25
Let j(a) = a**3 - 6*a**2 + 6*a - 1. Let i be j(5). Suppose 3*r - 200 = -m + 5*m, -72 = -r + i*m. What is the remainder when r is divided by 13?
12
Suppose -20*s + 1133 + 2427 = 0. What is the remainder when s is divided by 55?
13
Suppose -3*x + 2*x = -31. Let r(s) = 103*s + 27. Let m(b) = -52*b - 14. Let o(k) = 5*m(k) + 3*r(k). What is the remainder when o(1) is divided by x?
29
Let c = 189 - 71. Calculate the remainder when c is divided by 55.
8
Let i = 373 - 365. Calculate the remainder when i is divided by 2.
0
Suppose -4*k = 3*y - 7, 5*y - 6*k - 65 = -2*k. Suppose 0 = -b + 2*b - y. Calculate the remainder when 16 is divided by b.
7
Let q(c) = -c**2 - 3*c - 3. Let h be q(-2). Let g(t) = -9*t + 2. What is the remainder when 17 is divided by g(h)?
6
Calculate the remainder when -1 - (-1)/4 - 3015/(-36) is divided by 10.
3
Suppose 26 = t - 25. Calculate the remainder when t is divided by 20.
11
Suppose -b - 382 = -5*r, -125 = -2*r + 5*b + 14. Calculate the remainder when r is divided by 10.
7
Let c(r) = r**3 - 9*r**2 + 7*r + 21. Calculate the remainder when c(9) is divided by 30.
24
Let i = -24 + 44. Calculate the remainder when (-75)/i*(-60)/3 is divided by 38.
37
Suppose -7*s - 138 = 177. Let p = 62 + s. Calculate the remainder when 152 is divided by p.
16
Let b(l) be the third derivative of -l**4/4 + 2*l**3/3 - 14*l**2. Let o = -52 + 135. Calculate the remainder when o is divided by b(-4).
27
Let g = 77 - -51. Calculate the remainder when g is divided by (38 - -1)*(-72)/(-108).
24
Suppose -4*n = -3*n - 2. Calculate the remainder when -1*(0 + 2*-4) is divided by (-2 + 2)/n + 3.
2
Suppose 4*n = 2*l + 3*l - 74, 0 = -l + 3*n + 17. Let a = l + 3. Calculate the remainder when 67 is divided by a.
16
Suppose 2*s - 4 = 0, -3*s - 15 + 0 = 3*f. Let l = -1 - f. What is the remainder when l + -1 - (-1)/1 is divided by 3?
0
What is the remainder when 20*(-14)/35 + 59 is divided by 6?
3
Suppose 0 = -3*f - 5 + 2. What is the remainder when 19 is divided by (60/12)/((-1)/f)?
4
Let x = 0 + -4. Let h(u) = -u**3 - 2*u**2 + 5*u + 2. Suppose 4*i = r - 48 + 19, -3*r - 5*i + 70 = 0. Calculate the remainder when r is divided by h(x).
11
Let s(y) = -2*y**3 + 16*y**2 - 7*y - 5. Calculate the remainder when s(7) is divided by 9.
8
Let r(a) = -38*a + 329. What is the remainder when r(0) is divided by 9?
5
Let p(k) = -k + 1. Let s(n) = -10*n + 19. Let j(m) = 10*p(m) - 2*s(m). Calculate the remainder when j(13) is divided by 26 - ((-1 - 1) + 2).
24
Suppose q + 4*v - 62 = 0, -5*q - 4*v - 65 = -391. What is the remainder when 260 is divided by q?
62
Let b = -236 - -250. What is the remainder when 236 is divided by b?
12
Let a = 23 - -2. Let y(r) = r**3 - 7*r**2 - 8*r + 5. Let v be y(8). Suppose 3 = 4*i + v*t - 18, 0 = -t - 3. What is the remainder when a is divided by i?
7
Let d(q) = -q**2 - 5*q - 3. Let b = 5 - 1. Suppose 9 = -b*r - 3*a, -12 + 1 = 5*r + 4*a. What is the remainder when 7 is divided by d(r)?
1
Let a(n) = 18*n + 772. Calculate the remainder when a(-36) is divided by 72.
52
What is the remainder when 55 is divided by (-1 + (-69)/(-6))/(4/8)?
13
Let c(r) = r**2 - 3*r - 88. Calculate the remainder when 118 is divided by c(12).
18
Let v(l) = l**2 - 1. Let n be (2 + 0 + 2)*1. Suppose -2*m - 3*m + 5 = n*r, 4*m = -3*r + 3. What is the remainder when 22 is divided by v(m)?
6
Suppose -39*w = -211 - 1466. What is the remainder when 94 is divided by w?
8
Suppose 5*d = -2*k + 161, -4*d - 45 = -3*k + 208. Let z = -68 + k. Calculate the remainder when 57 is divided by z.
12
Let q(r) = -r**3 + 6*r**2 - 3*r - 15. Let m be q(6). Calculate the remainder when 34 is divided by (2 + 24/(-9))*m.
12
Suppose 0 = -56*o + 122*o - 8712. What is the remainder when o is divided by 23?
17
Let s(a) = -14*a + 4. Let r(x) = 19*x - 1. Let u be r(2). Let m = u - 22. What is the remainder when m is divided by s(0)?
3
Suppose -g + 4*k + 17 = -0*g, 0 = -g + k + 11. Suppose -3*l - 8 = -5. Let a(t) = 15*t**2 + t + 1. What is the remainder when a(l) is divided by g?
6
Let j(g) = 6 - 18 + 4*g + 4*g**3 - 13*g**2 - 3*g**3. Let w(s) = -6*s - 4. What is the remainder when j(13) is divided by w(-3)?
12
Let w = 2124 + -2047. Calculate the remainder when w is divided by 2 + 0 + 36 - -1.
38
Let p(c) = -7*c - 45. What is the remainder when 83 is divided by p(-11)?
19
Suppose -9*c = -263 + 1154. Calcul